 1669?
312
What is the remainder when 16735489 is divided by 28?
1
What is the remainder when 347144 is divided by 28?
0
Calculate the remainder when 28843582 is divided by 148.
10
Calculate the remainder when 121613 is divided by 24274.
243
Calculate the remainder when 205356 is divided by 2208.
12
Calculate the remainder when 9704385 is divided by 149.
15
What is the remainder when 115439 is divided by 96?
47
Calculate the remainder when 369141 is divided by 24469.
2106
Calculate the remainder when 625832 is divided by 104292.
80
What is the remainder when 201287695 is divided by 148?
147
What is the remainder when 19782 is divided by 999?
801
Calculate the remainder when 64168255 is divided by 106.
95
What is the remainder when 44414 is divided by 3569?
1586
Calculate the remainder when 242369 is divided by 3671.
83
Calculate the remainder when 116544 is divided by 2896.
704
Calculate the remainder when 9450596 is divided by 210.
176
What is the remainder when 10828648 is divided by 1050?
1048
What is the remainder when 216488 is divided by 3128?
656
Calculate the remainder when 2378659 is divided by 792881.
16
What is the remainder when 7599285 is divided by 146139?
57
What is the remainder when 210853 is divided by 16166?
695
Calculate the remainder when 8510780 is divided by 607.
33
Calculate the remainder when 157821 is divided by 1039.
932
Calculate the remainder when 1710261 is divided by 570074.
39
What is the remainder when 7837821 is divided by 19352?
261
Calculate the remainder when 289296 is divided by 144573.
150
Calculate the remainder when 81685119 is divided by 16.
15
What is the remainder when 2971800 is divided by 791?
13
What is the remainder when 262251 is divided by 1808?
91
What is the remainder when 376311 is divided by 92654?
5695
Calculate the remainder when 44779 is divided by 22150.
479
Calculate the remainder when 387426 is divided by 15.
6
Calculate the remainder when 27788 is divided by 13394.
1000
Calculate the remainder when 1994223 is divided by 664605.
408
What is the remainder when 996967 is divided by 31155?
7
What is the remainder when 162597 is divided by 1023?
963
What is the remainder when 10535268 is divided by 5267599?
70
What is the remainder when 3591120 is divided by 34?
6
What is the remainder when 56265769 is divided by 919?
913
Calculate the remainder when 10137190 is divided by 32387.
59
Calculate the remainder when 32059482 is divided by 268.
250
Calculate the remainder when 150951 is divided by 89.
7
Calculate the remainder when 133591 is divided by 12103.
458
Calculate the remainder when 23613931 is divided by 20.
11
Calculate the remainder when 147951 is divided by 1532.
879
What is the remainder when 6224903 is divided by 7656?
575
Calculate the remainder when 2060284 is divided by 2803.
79
What is the remainder when 128264132 is divided by 1254?
1250
Calculate the remainder when 114301743 is divided by 16328819.
10
Calculate the remainder when 134721757 is divided by 1771.
16
Calculate the remainder when 1528100 is divided by 1113.
1064
Calculate the remainder when 1970339 is divided by 9338.
21
What is the remainder when 1216807 is divided by 110593?
284
What is the remainder when 128524913 is divided by 6?
5
What is the remainder when 20552 is divided by 639?
104
What is the remainder when 452545 is divided by 128?
65
Calculate the remainder when 1511892 is divided by 503654.
930
Calculate the remainder when 75379 is divided by 24522.
1813
What is the remainder when 259535 is divided by 128973?
1589
Calculate the remainder when 313854 is divided by 123.
81
What is the remainder when 474643 is divided by 1220?
63
Calculate the remainder when 98171719 is divided by 1476.
7
What is the remainder when 18062232 is divided by 199?
196
Calculate the remainder when 152369 is divided by 21251.
3612
What is the remainder when 16335661 is divided by 527?
242
What is the remainder when 4106580 is divided by 2931?
249
Calculate the remainder when 405324984 is divided by 49454.
0
What is the remainder when 1930017 is divided by 52162?
23
What is the remainder when 196416 is divided by 65166?
918
What is the remainder when 25545 is divided by 25232?
313
Calculate the remainder when 16139995 is divided by 1614.
1609
What is the remainder when 12159267 is divided by 17?
0
Calculate the remainder when 1412292 is divided by 374.
68
What is the remainder when 2486223 is divided by 226?
223
What is the remainder when 35150997 is divided by 168?
21
Calculate the remainder when 2928020 is divided by 975993.
41
Calculate the remainder when 35713 is divided by 57.
31
What is the remainder when 13054 is divided by 24?
22
What is the remainder when 1148 is divided by 17?
9
Calculate the remainder when 290057 is divided by 53.
41
What is the remainder when 1038787306 is divided by 10399?
10398
Calculate the remainder when 4278922 is divided by 446.
444
What is the remainder when 437489 is divided by 6529?
46
Calculate the remainder when 6041296 is divided by 240.
16
Calculate the remainder when 9682319 is divided by 19.
14
What is the remainder when 3471067 is divided by 33372?
379
What is the remainder when 294783450 is divided by 24?
18
Calculate the remainder when 16170488 is divided by 22.
4
What is the remainder when 898981 is divided by 9267?
82
What is the remainder when 222501 is divided by 133?
125
What is the remainder when 5068160 is divided by 392?
384
Calculate the remainder when 1025896 is divided by 3024.
760
What is the remainder when 1393643 is divided by 1151?
933
What is the remainder when 75168500 is divided by 291?
290
What is the remainder when 9476576 is divided by 776?
64
What is the remainder when 9733759 is divided by 135191?
7
Calculate the remainder when 5417762 is divided by 3.
2
What is the remainder when 67454 is divided by 395?
304
What is the remainder when 622273 is divided by 1291?
11
Calculate the remainder when 24729 is divided by 723.
147
What is the remainder when 782093 is divided by 111?
98
What is the remainder when 469188719 is divided by 980?
979
Calculate the remainder when 14364038 is divided by 66.
62
What is the remainder when 52608695 is divided by 47?
44
What is the remainder when 9627302 is divided by 3831?
3830
What is the remainder when 159962 is divided by 6868?
1998
Calculate the remainder when 13390661 is divided by 910.
11
Calculate the remainder when 10447806 is divided by 2611920.
126
What is the remainder when 445878 is divided by 534?
522
Calculate the remainder when 3237983 is divided by 105.
98
Calculate the remainder when 1982524 is divided by 885.
124
What is the remainder when 33027185 is divided by 1651358?
25
Calculate the remainder when 1811524 is divided by 2068.
2024
Calculate the remainder when 5631 is divided by 1020.
531
Calculate the remainder when 2169297 is divided by 197206.
31
Calculate the remainder when 120528 is divided by 55.
23
Calculate the remainder when 74666000 is divided by 42.
38
What is the remainder when 67661424 is divided by 107?
81
What is the remainder when 567640 is divided by 70947?
64
Calculate the remainder when 25394103 is divided by 83.
4
What is the remainder when 25539382 is divided by 2553937?
12
Calculate the remainder when 224120 is divided by 3864.
8
What is the remainder when 52085175 is divided by 6510646?
7
Calculate the remainder when 749553 is divided by 17.
6
What is the remainder when 2060239597 is divided by 10?
7
What is the remainder when 242749542 is divided by 15?
12
Calculate the remainder when 259898 is divided by 8483.
5408
What is the remainder when 3343835 is divided by 287?
285
What is the remainder when 452200 is divided by 585?
580
Calculate the remainder when 1732249 is divided by 333.
316
Calculate the remainder when 5148912 is divided by 18.
12
Calculate the remainder when 2046043 is divided by 511422.
355
What is the remainder when 5307169 is divided by 1397?
1363
Calculate the remainder when 470100 is divided by 156695.
15
Calculate the remainder when 17049 is divided by 4251.
45
Calculate the remainder when 330287 is divided by 36644.
491
Calculate the remainder when 7013560 is divided by 47.
32
What is the remainder when 3439054 is divided by 122?
118
What is the remainder wh